{"id":4548,"date":"2026-08-24T15:05:35","date_gmt":"2026-08-24T13:05:35","guid":{"rendered":"https:\/\/interieur-provence.com\/?post_type=bien-immobilier&#038;p=4548"},"modified":"2026-08-24T15:07:04","modified_gmt":"2026-08-24T13:07:04","slug":"appartement-moliere-1-chambre-cannes-banane-centre-avec-wi-fi-et-climatisation-4-personnes","status":"publish","type":"bien-immobilier","link":"https:\/\/interieur-provence.com\/en\/bien-immobilier\/appartement-moliere-1-chambre-cannes-banane-centre-avec-wi-fi-et-climatisation-4-personnes\/","title":{"rendered":"Appartement \u00ab Moli\u00e8re\u00a0\u00bb 1 chambre Cannes BANANE Centre \u00bb avec Wi-Fi et climatisation &#8211; 4 personnes"},"content":{"rendered":"<p>Location saisonni\u00e8re. Profitez d\u2019un appartement \u00e9l\u00e9gant et central, \u00e0 seulement 300 m\u00e8tres de la Croisette, des plages et \u00e0 6 minutes \u00e0 pied du Palais des Festivals. L\u2019appartement, lumineux et fonctionnel, vous permet de savourer pleinement la vie cannoise avec tous les services \u00e0 proximit\u00e9. La gare est accessible \u00e0 pied en 12 minutes.<\/p>\n<p>Parfait pour des vacances ou des s\u00e9jours professionnels. Cet appartement de 30 m\u00b2 accueille jusqu\u2019\u00e0 4 personnes et comprend un salon, une chambre, une salle de bain et une cuisine \u00e9quip\u00e9e. Vous b\u00e9n\u00e9ficiez de la climatisation, du Wi-Fi haut d\u00e9bit adapt\u00e9 aux visioconf\u00e9rences, d\u2019une t\u00e9l\u00e9vision et d\u2019un acc\u00e8s facile \u00e0 la plage.<\/p>\n<p>Pour rendre votre s\u00e9jour encore plus agr\u00e9able, une conciergerie priv\u00e9e \u00e9co-responsable propose des services personnalis\u00e9s comme un panier de bienvenue avec des produits locaux ainsi que l\u2019organisation de transferts, des r\u00e9servations, des conseils sur les meilleures adresses, des exp\u00e9riences locales comme des visites de vignobles ou des parfumeries de Grasse, et des r\u00e9ponses \u00e0 vos demandes sp\u00e9cifiques. L\u2019\u00e9quipe est \u00e0 votre \u00e9coute pour faire de votre s\u00e9jour sur la C\u00f4te d\u2019Azur une exp\u00e9rience unique, confortable et sans souci. Veuillez noter que les \u00e9v\u00e9nements ne sont pas autoris\u00e9s dans le logement.<\/p>\n<p>Couchages : chambre : 1 lit 140 \/ S\u00e9jour canap\u00e9-lit 2 personnes<\/p>\n<p>stationnement : 3 parkings publics dans un rayon de moins de 200m<\/p>","protected":false},"featured_media":4549,"template":"","meta":{"_acf_changed":false},"categories":[15],"tags":[20],"class_list":["post-4548","bien-immobilier","type-bien-immobilier","status-publish","has-post-thumbnail","hentry","category-location-saisonniere","tag-appartement"],"acf":[],"_links":{"self":[{"href":"https:\/\/interieur-provence.com\/en\/wp-json\/wp\/v2\/bien-immobilier\/4548","targetHints":{"allow":["GET"]}}],"collection":[{"href":"https:\/\/interieur-provence.com\/en\/wp-json\/wp\/v2\/bien-immobilier"}],"about":[{"href":"https:\/\/interieur-provence.com\/en\/wp-json\/wp\/v2\/types\/bien-immobilier"}],"wp:featuredmedia":[{"embeddable":true,"href":"https:\/\/interieur-provence.com\/en\/wp-json\/wp\/v2\/media\/4549"}],"wp:attachment":[{"href":"https:\/\/interieur-provence.com\/en\/wp-json\/wp\/v2\/media?parent=4548"}],"wp:term":[{"taxonomy":"category","embeddable":true,"href":"https:\/\/interieur-provence.com\/en\/wp-json\/wp\/v2\/categories?post=4548"},{"taxonomy":"post_tag","embeddable":true,"href":"https:\/\/interieur-provence.com\/en\/wp-json\/wp\/v2\/tags?post=4548"}],"curies":[{"name":"wp","href":"https:\/\/api.w.org\/{rel}","templated":true}]}}

Appartement « Molière » 1 chambre Cannes BANANE Centre » avec Wi-Fi et climatisation &#8211; 4 personnes

<p>Location saisonnière. Profitez d’un appartement élégant et central, à seulement 300 mètres de la Croisette, des plages et à 6 minutes à pied du Palais des Festivals. L’appartement, lumineux et fonctionnel, vous permet de savourer pleinement la vie cannoise avec tous les services à proximité. La gare est accessible à pied en 12 minutes.</p>
<p>Parfait pour des vacances ou des séjours professionnels. Cet appartement de 30 m² accueille jusqu’à 4 personnes et comprend un salon, une chambre, une salle de bain et une cuisine équipée. Vous bénéficiez de la climatisation, du Wi-Fi haut débit adapté aux visioconférences, d’une télévision et d’un accès facile à la plage.</p>
<p>Pour rendre votre séjour encore plus agréable, une conciergerie privée éco-responsable propose des services personnalisés comme un panier de bienvenue avec des produits locaux ainsi que l’organisation de transferts, des réservations, des conseils sur les meilleures adresses, des expériences locales comme des visites de vignobles ou des parfumeries de Grasse, et des réponses à vos demandes spécifiques. L’équipe est à votre écoute pour faire de votre séjour sur la Côte d’Azur une expérience unique, confortable et sans souci. Veuillez noter que les événements ne sont pas autorisés dans le logement.</p>
<p>Couchages : chambre : 1 lit 140 / Séjour canapé-lit 2 personnes</p>
<p>stationnement : 3 parkings publics dans un rayon de moins de 200m</p>
