{"id":4477,"date":"2026-08-24T14:36:00","date_gmt":"2026-08-24T12:36:00","guid":{"rendered":"https:\/\/interieur-provence.com\/?post_type=bien-immobilier&#038;p=4477"},"modified":"2026-08-24T18:59:44","modified_gmt":"2026-08-24T16:59:44","slug":"cannes-broussailles-superbe-appartement-4-chambres-et-grande-terrasse","status":"publish","type":"bien-immobilier","link":"https:\/\/interieur-provence.com\/en\/bien-immobilier\/cannes-broussailles-superbe-appartement-4-chambres-et-grande-terrasse\/","title":{"rendered":"CANNES BROUSSAILLES &#8211; Superbe appartement 4 chambres et grande terrasse"},"content":{"rendered":"<p>Location saisonni\u00e8re. Situ\u00e9 \u00e0 Cannes, en Provence-Alpes-C\u00f4te d\u2019Azur, l\u2019appartement \u00ab\u00a0LA GRANDE TARRASSE\u00a0\u00bb, offre un vaste espace de 135 m\u00b2, id\u00e9al pour accueillir jusqu\u2019\u00e0 8 personnes. Vous disposerez de 4 chambres et de 2 salles de bain, parfaites pour les familles ou groupes d\u2019amis. La cuisine est enti\u00e8rement \u00e9quip\u00e9e. Vous profiterez du Wi-Fi haut d\u00e9bit adapt\u00e9 aux appels vid\u00e9o, de la climatisation et du chauffage dans tout l\u2019appartement, d\u2019une t\u00e9l\u00e9vision, d\u2019un lave-linge et d\u2019un s\u00e8che-linge. Les familles avec enfants appr\u00e9cieront la pr\u00e9sence de jouets et de livres.<\/p>\n<p>Profitez de votre terrasse priv\u00e9e couverte et de votre terrasse priv\u00e9e non couverte, id\u00e9ales pour vous d\u00e9tendre apr\u00e8s une journ\u00e9e \u00e0 explorer Cannes.<\/p>\n<p>Un court de tennis se trouve \u00e0 15 minutes \u00e0 pied. Le stationnement est possible dans la rue.<\/p>\n<p>Les f\u00eates ne sont pas autoris\u00e9es sauf accord pr\u00e9alable. Merci de respecter les heures calmes de 21 h \u00e0 8 h. L\u2019appartement se situe au 1er \u00e9tage sans ascenseur. L\u2019emplacement est id\u00e9al, sur une route menant directement \u00e0 Cannes.<\/p>\n<p>Pour profiter pleinement de votre s\u00e9jour, une conciergerie priv\u00e9e \u00e9co-responsable vous accompagne avec des services personnalis\u00e9s pour r\u00e9pondre \u00e0 vos attentes. Un panier de bienvenue avec des produits locaux vous est offert, que vous voyagiez pour affaires ou pour le tourisme. Organisation de transferts, conseils sur les meilleures adresses, exp\u00e9riences locales comme la visite de vignobles ou des parfumeries de Grasse, demandes particuli\u00e8res\u2026 Nous sommes \u00e0 votre \u00e9coute pour faire de votre s\u00e9jour sur la C\u00f4te d\u2019Azur une exp\u00e9rience unique, confortable et sans contraintes.<\/p>\n<p>D\u00e9couvrez Grasse, capitale mondiale du parfum, ou profitez de visites de vignobles et de d\u00e9gustations. Des excursions, locations de voiliers, bateaux ou jeeps peuvent \u00eatre organis\u00e9es. Garde d\u2019enfants, chef priv\u00e9, chauffeur priv\u00e9 et soins bien-\u00eatre \u00e0 domicile sont disponibles moyennant un suppl\u00e9ment.<\/p>\n<p>Couchages : chambre 1 : 1 lit 160 \/ Chambre 2 : 1 lit 140 \/ Chambre 3 : 1 lit 140 \/ Chambre 4 : 1 lit 160<\/p>","protected":false},"featured_media":4511,"template":"","meta":{"_acf_changed":false},"categories":[15],"tags":[20],"class_list":["post-4477","bien-immobilier","type-bien-immobilier","status-publish","has-post-thumbnail","hentry","category-location-saisonniere","tag-appartement"],"acf":[],"_links":{"self":[{"href":"https:\/\/interieur-provence.com\/en\/wp-json\/wp\/v2\/bien-immobilier\/4477","targetHints":{"allow":["GET"]}}],"collection":[{"href":"https:\/\/interieur-provence.com\/en\/wp-json\/wp\/v2\/bien-immobilier"}],"about":[{"href":"https:\/\/interieur-provence.com\/en\/wp-json\/wp\/v2\/types\/bien-immobilier"}],"wp:featuredmedia":[{"embeddable":true,"href":"https:\/\/interieur-provence.com\/en\/wp-json\/wp\/v2\/media\/4511"}],"wp:attachment":[{"href":"https:\/\/interieur-provence.com\/en\/wp-json\/wp\/v2\/media?parent=4477"}],"wp:term":[{"taxonomy":"category","embeddable":true,"href":"https:\/\/interieur-provence.com\/en\/wp-json\/wp\/v2\/categories?post=4477"},{"taxonomy":"post_tag","embeddable":true,"href":"https:\/\/interieur-provence.com\/en\/wp-json\/wp\/v2\/tags?post=4477"}],"curies":[{"name":"wp","href":"https:\/\/api.w.org\/{rel}","templated":true}]}}

<p>Location saisonnière. Situé à Cannes, en Provence-Alpes-Côte d’Azur, l’appartement « LA GRANDE TARRASSE », offre un vaste espace de 135 m², idéal pour accueillir jusqu’à 8 personnes. Vous disposerez de 4 chambres et de 2 salles de bain, parfaites pour les familles ou groupes d’amis. La cuisine est entièrement équipée. Vous profiterez du Wi-Fi haut débit adapté aux appels vidéo, de la climatisation et du chauffage dans tout l’appartement, d’une télévision, d’un lave-linge et d’un sèche-linge. Les familles avec enfants apprécieront la présence de jouets et de livres.</p>
<p>Profitez de votre terrasse privée couverte et de votre terrasse privée non couverte, idéales pour vous détendre après une journée à explorer Cannes.</p>
<p>Un court de tennis se trouve à 15 minutes à pied. Le stationnement est possible dans la rue.</p>
<p>Les fêtes ne sont pas autorisées sauf accord préalable. Merci de respecter les heures calmes de 21 h à 8 h. L’appartement se situe au 1er étage sans ascenseur. L’emplacement est idéal, sur une route menant directement à Cannes.</p>
<p>Pour profiter pleinement de votre séjour, une conciergerie privée éco-responsable vous accompagne avec des services personnalisés pour répondre à vos attentes. Un panier de bienvenue avec des produits locaux vous est offert, que vous voyagiez pour affaires ou pour le tourisme. Organisation de transferts, conseils sur les meilleures adresses, expériences locales comme la visite de vignobles ou des parfumeries de Grasse, demandes particulières… Nous sommes à votre écoute pour faire de votre séjour sur la Côte d’Azur une expérience unique, confortable et sans contraintes.</p>
<p>Découvrez Grasse, capitale mondiale du parfum, ou profitez de visites de vignobles et de dégustations. Des excursions, locations de voiliers, bateaux ou jeeps peuvent être organisées. Garde d’enfants, chef privé, chauffeur privé et soins bien-être à domicile sont disponibles moyennant un supplément.</p>
<p>Couchages : chambre 1 : 1 lit 160 / Chambre 2 : 1 lit 140 / Chambre 3 : 1 lit 140 / Chambre 4 : 1 lit 160</p>
